{"id":2047,"date":"2022-01-13T13:53:28","date_gmt":"2022-01-13T13:53:28","guid":{"rendered":"http:\/\/agropeu.com.br\/site\/?page_id=2047"},"modified":"2026-02-26T16:39:36","modified_gmt":"2026-02-26T19:39:36","slug":"viva","status":"publish","type":"page","link":"https:\/\/agropeu.com.br\/site\/viva\/","title":{"rendered":"Programa VIVA"},"content":{"rendered":"\t\t<div data-elementor-type=\"wp-page\" data-elementor-id=\"2047\" class=\"elementor elementor-2047\">\n\t\t\t\t\t\t<section class=\"elementor-section elementor-top-section elementor-element elementor-element-ca9f06d elementor-section-boxed elementor-section-height-default elementor-section-height-default\" data-id=\"ca9f06d\" data-element_type=\"section\" data-e-type=\"section\" data-settings=\"{&quot;background_background&quot;:&quot;classic&quot;}\">\n\t\t\t\t\t\t\t<div class=\"elementor-background-overlay\"><\/div>\n\t\t\t\t\t\t\t<div class=\"elementor-container elementor-column-gap-no\">\n\t\t\t\t\t<div class=\"elementor-column elementor-col-50 elementor-top-column elementor-element elementor-element-e64f8b5\" data-id=\"e64f8b5\" data-element_type=\"column\" data-e-type=\"column\">\n\t\t\t<div class=\"elementor-widget-wrap elementor-element-populated\">\n\t\t\t\t\t\t<div class=\"elementor-element elementor-element-5a9c98e elementor-widget-divider--view-line elementor-widget elementor-widget-divider\" data-id=\"5a9c98e\" data-element_type=\"widget\" data-e-type=\"widget\" data-widget_type=\"divider.default\">\n\t\t\t\t<div class=\"elementor-widget-container\">\n\t\t\t\t\t\t\t<div class=\"elementor-divider\">\n\t\t\t<span class=\"elementor-divider-separator\">\n\t\t\t\t\t\t<\/span>\n\t\t<\/div>\n\t\t\t\t\t\t<\/div>\n\t\t\t\t<\/div>\n\t\t\t\t<div class=\"elementor-element elementor-element-2225793 elementor-widget elementor-widget-heading\" data-id=\"2225793\" data-element_type=\"widget\" data-e-type=\"widget\" data-widget_type=\"heading.default\">\n\t\t\t\t<div class=\"elementor-widget-container\">\n\t\t\t\t\t<h1 class=\"elementor-heading-title elementor-size-default\">Programa VIVA<\/h1>\t\t\t\t<\/div>\n\t\t\t\t<\/div>\n\t\t\t\t\t<\/div>\n\t\t<\/div>\n\t\t\t\t<div class=\"elementor-column elementor-col-50 elementor-top-column elementor-element elementor-element-6bd6a42\" data-id=\"6bd6a42\" data-element_type=\"column\" data-e-type=\"column\">\n\t\t\t<div class=\"elementor-widget-wrap elementor-element-populated\">\n\t\t\t\t\t\t<div class=\"elementor-element elementor-element-bb0c19e elementor-view-stacked elementor-widget__width-auto elementor-fixed elementor-shape-circle elementor-widget elementor-widget-icon\" data-id=\"bb0c19e\" data-element_type=\"widget\" data-e-type=\"widget\" data-settings=\"{&quot;_animation&quot;:&quot;none&quot;,&quot;_position&quot;:&quot;fixed&quot;}\" data-widget_type=\"icon.default\">\n\t\t\t\t<div class=\"elementor-widget-container\">\n\t\t\t\t\t\t\t<div class=\"elementor-icon-wrapper\">\n\t\t\t<a class=\"elementor-icon elementor-animation-float\" href=\"https:\/\/api.whatsapp.com\/send?phone=5537991033059&#038;text=Ol%C3%A1%2C%20tenho%20uma%20d%C3%BAvida\" target=\"_blank\">\n\t\t\t<i aria-hidden=\"true\" class=\"fab fa-whatsapp\"><\/i>\t\t\t<\/a>\n\t\t<\/div>\n\t\t\t\t\t\t<\/div>\n\t\t\t\t<\/div>\n\t\t\t\t\t<\/div>\n\t\t<\/div>\n\t\t\t\t\t<\/div>\n\t\t<\/section>\n\t\t\t\t<section class=\"elementor-section elementor-top-section elementor-element elementor-element-f9772b6 elementor-section-boxed elementor-section-height-default elementor-section-height-default\" data-id=\"f9772b6\" data-element_type=\"section\" data-e-type=\"section\" data-settings=\"{&quot;background_background&quot;:&quot;classic&quot;}\">\n\t\t\t\t\t\t<div class=\"elementor-container elementor-column-gap-default\">\n\t\t\t\t\t<div class=\"elementor-column elementor-col-100 elementor-top-column elementor-element elementor-element-a4a3315\" data-id=\"a4a3315\" data-element_type=\"column\" data-e-type=\"column\">\n\t\t\t<div class=\"elementor-widget-wrap elementor-element-populated\">\n\t\t\t\t\t\t<div class=\"elementor-element elementor-element-efa8ca6 elementor-widget elementor-widget-spacer\" data-id=\"efa8ca6\" data-element_type=\"widget\" data-e-type=\"widget\" data-widget_type=\"spacer.default\">\n\t\t\t\t<div class=\"elementor-widget-container\">\n\t\t\t\t\t\t\t<div class=\"elementor-spacer\">\n\t\t\t<div class=\"elementor-spacer-inner\"><\/div>\n\t\t<\/div>\n\t\t\t\t\t\t<\/div>\n\t\t\t\t<\/div>\n\t\t\t\t<div class=\"elementor-element elementor-element-b2c015c elementor-widget elementor-widget-text-editor\" data-id=\"b2c015c\" data-element_type=\"widget\" data-e-type=\"widget\" data-widget_type=\"text-editor.default\">\n\t\t\t\t<div class=\"elementor-widget-container\">\n\t\t\t\t\t\t\t\t\t<p>Estamos vivendo um novo momento para a Agrop\u00e9u. Um momento muito importante de grandes mudan\u00e7as e consolida\u00e7\u00e3o de uma nova cultura, essencial para vivermos por longos anos.<\/p><p>Para dar vida a esta nova Cultura, revisamos nossa MISS\u00c3O, VIS\u00c3O E VALORES, definindo novos direcionadores para a Empresa e mostrando para todos o porque de nossa exist\u00eancia, onde n\u00f3s queremos chegar e como percorreremos esta nossa jornada rumo ao futuro, que estamos construindo hoje.<\/p><p>O nosso Projeto Agrop\u00e9u VIVA vem nos unir em torno de nossos Valores, aquilo que \u00e9 importante para todos o que est\u00e3o envolvidos com esse novo momento.\u00a0 O VIVA nos convida a viver a cada dia com os comportamentos e atitudes necess\u00e1rios para percorrer este caminho em dire\u00e7\u00e3o aos nossos objetivos maiores.<\/p><p>Para fortalecer essa nossa identidade, criamos um novo Grito de Guerra, que sintetiza esse novo momento em poucas palavras e que nos une em nossos objetivos e valores.<\/p><p>EU SOU AGROP\u00c9U.<\/p><h4>Mas, O que \u00e9 Ser Agrop\u00e9u?<\/h4><p>Ser Agrop\u00e9u \u00e9 trabalhar com simplicidade. Isso faz parte da nossa hist\u00f3ria, do nosso DNA. Nos relacionando de maneira clara, por\u00e9m com informalidade e tratando-nos com um profundo carinho e aten\u00e7\u00e3o.<\/p><p>Ser Agrop\u00e9u \u00e9 ser \u00e9tico na lida com todos os que est\u00e3o envolvidos em nosso neg\u00f3cio. \u00c9 ser justo, ser correto, fazer aquilo que \u00e9 certo, com muita for\u00e7a e determina\u00e7\u00e3o todos os dias.<\/p><p>Ser Agrop\u00e9u \u00e9 respeitar cada um como ele \u00e9, aceitando as diferen\u00e7as, buscando entender o outro, seu jeito, suas limita\u00e7\u00f5es, suas dificuldades e, a partir da\u00ed, trabalhar juntos para a busca de objetivos em comum, n\u00e3o medindo esfor\u00e7os, individuais e coletivos para fazer o que precisa ser feito e criarmos um ambiente de trabalho melhor para todos.<\/p><p>Ser Agrop\u00e9u \u00e9 nos manter conectados uns com os outros, atuando de forma a melhorar a nossa comunica\u00e7\u00e3o di\u00e1ria, estando sempre com um sorriso aberto para ajudar e resolver os problemas juntos.<\/p><p>Ser Agrop\u00e9u \u00e9 estar aberto ao novo, buscando fazer a diferen\u00e7a a cada dia, gerando ideias, criando novos meios de se fazer o que se faz. \u00c9 buscar o nosso desenvolvimento constante, aprendendo sempre e aproveitando as oportunidades que surgirem pela frente.<\/p><p>Ser Agrop\u00e9u, enfim, \u00e9 vestir a cada dia esta camisa com orgulho, podendo dizer bem alto EU SOU AGROP\u00c9U!<\/p>\t\t\t\t\t\t\t\t<\/div>\n\t\t\t\t<\/div>\n\t\t\t\t\t<\/div>\n\t\t<\/div>\n\t\t\t\t\t<\/div>\n\t\t<\/section>\n\t\t\t\t<section class=\"elementor-section elementor-top-section elementor-element elementor-element-a1a99c0 elementor-section-boxed elementor-section-height-default elementor-section-height-default\" data-id=\"a1a99c0\" data-element_type=\"section\" data-e-type=\"section\" data-settings=\"{&quot;background_background&quot;:&quot;classic&quot;}\">\n\t\t\t\t\t\t<div class=\"elementor-container elementor-column-gap-default\">\n\t\t\t\t\t<div class=\"elementor-column elementor-col-100 elementor-top-column elementor-element elementor-element-40d6d04\" data-id=\"40d6d04\" data-element_type=\"column\" data-e-type=\"column\">\n\t\t\t<div class=\"elementor-widget-wrap elementor-element-populated\">\n\t\t\t\t\t\t<div class=\"elementor-element elementor-element-a8c2c00 elementor-widget elementor-widget-image\" data-id=\"a8c2c00\" data-element_type=\"widget\" data-e-type=\"widget\" data-widget_type=\"image.default\">\n\t\t\t\t<div class=\"elementor-widget-container\">\n\t\t\t\t\t\t\t\t\t\t\t\t\t\t\t<img fetchpriority=\"high\" decoding=\"async\" width=\"300\" height=\"300\" src=\"http:\/\/agropeu.com.br\/site\/wp-content\/uploads\/2023\/01\/1-300x300.png\" class=\"attachment-medium size-medium wp-image-2884\" alt=\"\" srcset=\"http:\/\/agropeu.com.br\/site\/wp-content\/uploads\/2023\/01\/1-300x300.png 300w, http:\/\/agropeu.com.br\/site\/wp-content\/uploads\/2023\/01\/1-1024x1024.png 1024w, http:\/\/agropeu.com.br\/site\/wp-content\/uploads\/2023\/01\/1-150x150.png 150w, http:\/\/agropeu.com.br\/site\/wp-content\/uploads\/2023\/01\/1-768x768.png 768w, http:\/\/agropeu.com.br\/site\/wp-content\/uploads\/2023\/01\/1.png 1080w\" sizes=\"(max-width: 300px) 100vw, 300px\" \/>\t\t\t\t\t\t\t\t\t\t\t\t\t\t\t<\/div>\n\t\t\t\t<\/div>\n\t\t\t\t\t<\/div>\n\t\t<\/div>\n\t\t\t\t\t<\/div>\n\t\t<\/section>\n\t\t\t\t<section class=\"elementor-section elementor-top-section elementor-element elementor-element-eb4eed1 elementor-section-boxed elementor-section-height-default elementor-section-height-default\" data-id=\"eb4eed1\" data-element_type=\"section\" data-e-type=\"section\">\n\t\t\t\t\t\t<div class=\"elementor-container elementor-column-gap-default\">\n\t\t\t\t\t<div class=\"elementor-column elementor-col-100 elementor-top-column elementor-element elementor-element-aab8bd8\" data-id=\"aab8bd8\" data-element_type=\"column\" data-e-type=\"column\">\n\t\t\t<div class=\"elementor-widget-wrap elementor-element-populated\">\n\t\t\t\t\t\t<div class=\"elementor-element elementor-element-595b7e3 elementor-widget elementor-widget-spacer\" data-id=\"595b7e3\" data-element_type=\"widget\" data-e-type=\"widget\" data-widget_type=\"spacer.default\">\n\t\t\t\t<div class=\"elementor-widget-container\">\n\t\t\t\t\t\t\t<div class=\"elementor-spacer\">\n\t\t\t<div class=\"elementor-spacer-inner\"><\/div>\n\t\t<\/div>\n\t\t\t\t\t\t<\/div>\n\t\t\t\t<\/div>\n\t\t\t\t\t<\/div>\n\t\t<\/div>\n\t\t\t\t\t<\/div>\n\t\t<\/section>\n\t\t\t\t<\/div>\n\t\t","protected":false},"excerpt":{"rendered":"<p>Programa VIVA Estamos vivendo um novo momento para a Agrop\u00e9u. Um momento muito importante de grandes mudan\u00e7as e consolida\u00e7\u00e3o de uma nova cultura, essencial para vivermos por longos anos. Para dar vida a esta nova Cultura, revisamos nossa MISS\u00c3O, VIS\u00c3O E VALORES, definindo novos direcionadores para a Empresa e mostrando para todos o porque de [&hellip;]<\/p>\n","protected":false},"author":6,"featured_media":0,"parent":0,"menu_order":0,"comment_status":"closed","ping_status":"closed","template":"","meta":{"site-sidebar-layout":"no-sidebar","site-content-layout":"page-builder","ast-site-content-layout":"default","site-content-style":"default","site-sidebar-style":"default","ast-global-header-display":"","ast-banner-title-visibility":"","ast-main-header-display":"","ast-hfb-above-header-display":"","ast-hfb-below-header-display":"","ast-hfb-mobile-header-display":"","site-post-title":"disabled","ast-breadcrumbs-content":"","ast-featured-img":"disabled","footer-sml-layout":"","ast-disable-related-posts":"","theme-transparent-header-meta":"","adv-header-id-meta":"","stick-header-meta":"","header-above-stick-meta":"","header-main-stick-meta":"","header-below-stick-meta":"","astra-migrate-meta-layouts":"default","ast-page-background-enabled":"default","ast-page-background-meta":{"desktop":{"background-color":"","background-image":"","background-repeat":"repeat","background-position":"center center","background-size":"auto","background-attachment":"scroll","background-type":"","background-media":"","overlay-type":"","overlay-color":"","overlay-opacity":"","overlay-gradient":""},"tablet":{"background-color":"","background-image":"","background-repeat":"repeat","background-position":"center center","background-size":"auto","background-attachment":"scroll","background-type":"","background-media":"","overlay-type":"","overlay-color":"","overlay-opacity":"","overlay-gradient":""},"mobile":{"background-color":"","background-image":"","background-repeat":"repeat","background-position":"center center","background-size":"auto","background-attachment":"scroll","background-type":"","background-media":"","overlay-type":"","overlay-color":"","overlay-opacity":"","overlay-gradient":""}},"ast-content-background-meta":{"desktop":{"background-color":"var(--ast-global-color-5)","background-image":"","background-repeat":"repeat","background-position":"center center","background-size":"auto","background-attachment":"scroll","background-type":"","background-media":"","overlay-type":"","overlay-color":"","overlay-opacity":"","overlay-gradient":""},"tablet":{"background-color":"var(--ast-global-color-5)","background-image":"","background-repeat":"repeat","background-position":"center center","background-size":"auto","background-attachment":"scroll","background-type":"","background-media":"","overlay-type":"","overlay-color":"","overlay-opacity":"","overlay-gradient":""},"mobile":{"background-color":"var(--ast-global-color-5)","background-image":"","background-repeat":"repeat","background-position":"center center","background-size":"auto","background-attachment":"scroll","background-type":"","background-media":"","overlay-type":"","overlay-color":"","overlay-opacity":"","overlay-gradient":""}},"_themeisle_gutenberg_block_has_review":false,"footnotes":""},"class_list":["post-2047","page","type-page","status-publish","hentry"],"_links":{"self":[{"href":"https:\/\/agropeu.com.br\/site\/wp-json\/wp\/v2\/pages\/2047","targetHints":{"allow":["GET"]}}],"collection":[{"href":"https:\/\/agropeu.com.br\/site\/wp-json\/wp\/v2\/pages"}],"about":[{"href":"https:\/\/agropeu.com.br\/site\/wp-json\/wp\/v2\/types\/page"}],"author":[{"embeddable":true,"href":"https:\/\/agropeu.com.br\/site\/wp-json\/wp\/v2\/users\/6"}],"replies":[{"embeddable":true,"href":"https:\/\/agropeu.com.br\/site\/wp-json\/wp\/v2\/comments?post=2047"}],"version-history":[{"count":50,"href":"https:\/\/agropeu.com.br\/site\/wp-json\/wp\/v2\/pages\/2047\/revisions"}],"predecessor-version":[{"id":4149,"href":"https:\/\/agropeu.com.br\/site\/wp-json\/wp\/v2\/pages\/2047\/revisions\/4149"}],"wp:attachment":[{"href":"https:\/\/agropeu.com.br\/site\/wp-json\/wp\/v2\/media?parent=2047"}],"curies":[{"name":"wp","href":"https:\/\/api.w.org\/{rel}","templated":true}]}}